7 + 215 = -3*f. List the prime factors of f.
2, 3, 17
Suppose -2*h = 2*h - 592. Suppose 4*u = 4*f - 272, -4*f - u + 99 = -h. What are the prime factors of f?
3, 7
Let a(x) = 1211*x - 290. What are the prime factors of a(2)?
2, 13, 41
Let q(d) = d**3 + 11*d**2 + 12*d + 18. What are the prime factors of q(-8)?
2, 3, 19
Suppose -99008 = -29*t - 14386. List the prime factors of t.
2, 1459
Let m = -209 + 250. Let b = 7 - 13. Let d = b + m. What are the prime factors of d?
5, 7
Let v = 163 - 193. Suppose -104 = 6*g - 4*g. Let z = v - g. What are the prime factors of z?
2, 11
Suppose -9 = -y + 16. Let w = -185 - -187. Let t = y - w. List the prime factors of t.
23
Suppose -z + 165 - 11 = k, 4*z - 769 = -5*k. Let a = 322 - k. What are the prime factors of a?
13
Let d be (-1494)/(-63) + 4/14. Suppose p - d = 2*p. What are the prime factors of p*5/(15/(-2))?
2
Let k = 10 + -22. Let c = 16 + k. List the prime factors of c/22 + (-1312)/(-44).
2, 3, 5
Suppose 105*w = -47606 + 176126. List the prime factors of w.
2, 3, 17
Suppose 5*o - 3*r - 5322 = 2*o, 8838 = 5*o + 3*r. List the prime factors of o.
2, 3, 5, 59
Let k = 552 + -260. What are the prime factors of k?
2, 73
Let d(m) = 38*m + 339. List the prime factors of d(7).
5, 11
Suppose 0 = -4*g - 2 - 10. Let i = g - 3. List the prime factors of -6*(-3 + (-4)/i).
2, 7
Suppose 8*w - 9930 - 12230 = 0. List the prime factors of w.
2, 5, 277
Let r(v) = 9*v**2 - 2*v + 2. Let k be r(-3). Let m = 287 - k. What are the prime factors of m?
2, 3, 11
Suppose 4*l + 2*s = 16, 2*s = 4*l + 6*s - 24. Suppose i = -3*y - 10, -l*i - 2*y = 2*i. Suppose -5*z - 17 = -i, 2*w + z = 53. List the prime factors of w.
2, 7
Let d(z) = -55*z - 3. What are the prime factors of d(-4)?
7, 31
Suppose -3*v + 0*v + 4*x + 20 = 0, 0 = 2*v - 5*x - 18. What are the prime factors of ((-70)/(-6) + 1)/(v/6)?
19
Suppose 0 = -5*c + 17 - 2. Suppose -4*a - z = -237, c*a - z - 178 = -2*z. List the prime factors of a.
59
Let r = 5 - 3. Suppose -r*m - 2*m + 612 = 0. List the prime factors of m.
3, 17
Suppose -3*v + 3 + 114 = 0. Let a = v - 37. List the prime factors of a.
2
Let w(m) = 95*m**2 + 35*m - 2. List the prime factors of w(-3).
2, 11, 17
Let f(t) = -20*t + 774. What are the prime factors of f(-25)?
2, 7, 13
Let r(j) = 3*j**2 - 10*j - 13. Suppose 3*y - y = -g + 4, -4*g = -y - 25. List the prime factors of r(g).
5, 7
Suppose 0 = 2*n - 2*m - 48, 5*n + 2*m = 88 + 46. Suppose 0 = -i + 72 - n. List the prime factors of i.
2, 23
Let b be -1*1 - (-1 - 0). Let y be (-7)/21*(-192)/8. Let r = b + y. What are the prime factors of r?
2
Let z(r) = -10*r - 7*r - 15*r + 11*r - 16. What are the prime factors of z(-4)?
2, 17
List the prime factors of ((-1110)/40)/((-6)/32).
2, 37
Let p(z) = -6*z**2 - 2*z - 9. Let q be p(-5). Let d = 35 - q. Suppose d = 5*l - 0*i + 4*i, -l = 5*i - 20. What are the prime factors of l?
2, 5
Let d = -11 + 113. Suppose -54 - d = -6*c. What are the prime factors of c?
2, 13
Let r(q) = -15*q - 19. Let b be r(-8). Suppose j + 4*j - 42 = -2*v, 3*v = 2*j + b. What are the prime factors of v?
31
Let c(m) = 18*m**3 - m. Suppose -2*p - 6 = -4*l - 0, 0 = -3*l + 4*p + 7. List the prime factors of c(l).
17
Suppose 4*c - 3*x = -151, 3 = 5*x - 2. List the prime factors of c/(-2) + (-3)/6.
2, 3
Let x be 28/10 - 3/(-15). Let t be 43 - (-2 + (3 - 1)). Suppose x*d = 5*c - t, -5*d + d = -4*c + 36. What are the prime factors of c?
2
List the prime factors of (5 - (-27126)/(-6))/(-2 - 0).
2, 1129
Let g(o) = -o**3 - 2*o**2 + o - 5. Suppose 18 = 2*x + 2*i, 3*x - 2*i = 2*i - 8. Let l be 3/6*x*-2. What are the prime factors of g(l)?
23
Let z be (-36)/24*(-16)/(-3). Let l = -4 - z. Suppose -x + 34 = -4*k - k, -l*k + 45 = 3*x. What are the prime factors of x?
19
Suppose 0*m - 2*m + b = -32, -5*m = b - 87. Suppose 0 = 20*j - m*j - 66. Suppose -2*w + 0*w = 2*i - j, 2*w = 4*i - 2. What are the prime factors of w?
7
Suppose j - 2 = 0, -3*q - 3*j = -16 + 76. Let h(f) = f**2 + 20*f + 55. What are the prime factors of h(q)?
3, 11
Let v be (12/5)/((-2)/15). Let z(k) = -k**3 - 18*k**2 - 5*k - 16. List the prime factors of z(v).
2, 37
Let w = 2550 + -1379. What are the prime factors of w?
1171
Suppose -2*p + 6 = -5*p. Let f = 21 - p. List the prime factors of f.
23
Suppose 7 = -2*b + 3*x, 6*x = -5*b + 2*x - 6. Let h(t) be the third derivative of -t**4/12 + t**3/3 - 2*t**2. What are the prime factors of h(b)?
2, 3
Let j(l) = l**2 + 5*l + 889. List the prime factors of j(0).
7, 127
Let k(d) = 13*d**2 + 4*d - 14. What are the prime factors of k(6)?
2, 239
Suppose 3*a + 2*i + 2 = 4*i, -2*a - 3*i = -16. Suppose -11 = -2*k + 4*o + 1, -2*k + a*o + 6 = 0. Suppose -2*q - 16 + 98 = k. What are the prime factors of q?
41
What are the prime factors of 2*4/(-6)*(5 + -821)?
2, 17
Suppose 4*w + 4*q = 40, -w - 3*q + 21 - 1 = 0. Let v = 7 - -2. Suppose -6*i = -w*r - 2*i + 50, -r = -i - v. What are the prime factors of r?
2, 7
Suppose 10*m - 7*m - 4959 = 0. List the prime factors of m.
3, 19, 29
Let y be (-78)/(-30) - 9/15. Suppose 0 = -p - y + 6. Suppose -61 - 63 = -p*s. List the prime factors of s.
31
Let n = 191 - 101. Suppose -4*m = 2*x - n, -2*x - 5*m - 35 + 127 = 0. What are the prime factors of x?
41
Suppose -2*p = 2, 0 = 3*x + 3*p - 1377 - 1497. What are the prime factors of x?
7, 137
Let p(x) = 0 + 1 - 1 - 170*x. Let r be p(-6). What are the prime factors of r/(-12)*6/(-10)?
3, 17
List the prime factors of ((-8)/(-4))/((-2)/(-5097)).
3, 1699
Suppose 0 = 7*q - 2*q - 25. What are the prime factors of 20/q + -8 + 91?
3, 29
Suppose -5*k + 8239 = -3*f, -k = -5*k - f + 6598. List the prime factors of k.
17, 97
Let n(s) = 27*s**2 + 3*s. Let p be n(-2). Suppose -p + 26 = 4*k. Let c = -7 - k. List the prime factors of c.
2, 3
Let z = -267 - -1393. What are the prime factors of z?
2, 563
Let d(i) = -5*i**3 - 3*i**2 + 2*i + 3. What are the prime factors of d(-4)?
3, 89
Let c(v) = v**3 - 2*v**2 - 14*v + 10. What are the prime factors of c(6)?
2, 5, 7
Suppose -4*s + r = -3349, s + 2*r - 113 - 722 = 0. What are the prime factors of s?
3, 31
Suppose -2*w - 3*n - 18 = -1, -3*w - 5*n = 28. What are the prime factors of (-2)/(w/(-71)*-2)?
71
Suppose 2*r = -2*p + 3*p - 3774, -2*p + 7548 = -3*r. List the prime factors of p.
2, 3, 17, 37
Let i(x) = -x**2 - 2*x - 8. Let s be i(0). Suppose 0 = -3*u - 21 + 78. Let v = s + u. List the prime factors of v.
11
Let j be 14/4 - (-13)/26. Suppose j*n - 4*a - 196 = 348, -a = 4*n - 554. What are the prime factors of n?
2, 3, 23
Suppose -5*k + 15 + 20 = 0. Let p = 60 + -56. Suppose 20 = -5*j, 4*l + k*j - 112 = p*j. What are the prime factors of l?
31
Let g = 263 + 122. What are the prime factors of g?
5, 7, 11
Let u be (4 + -2)/(2/3). Let z(v) = 3*v**2 + 28*v - 20. Let n be z(-11). Suppose u*k - n = 46. List the prime factors of k.
3
Let g(t) be the third derivative of -5/8*t**4 - 1/60*t**5 + t**2 + 0 - 1/3*t**3 + 0*t. What are the prime factors of g(-12)?
2, 17
Let c(w) = w**2 - 2*w + 1. Let d be c(3). Suppose d*g = 5*g - 44. What are the prime factors of g?
2, 11
Let i be ((-30)/(-24))/(1/4). Suppose i*k = -5 + 35. What are the prime factors of (k - 8)*(-26)/2?
2, 13
Suppose -84*j = -85*j + 75. List the prime factors of j.
3, 5
Let w(a) = -330 - 327 + 650 + 3*a. Suppose 3*s - 5*r = 18, -3*s + 4*r + 4 = -17. List the prime factors of w(s).
2, 13
Suppose -5*g + 4685 = 1400. Let i = -370 + g. What are the prime factors of i?
7, 41
Suppose -9*t - 8 = -t. Let q = 22 - t. List the prime factors of q.
23
List the prime factors of 12666*(13 - 225/18).
3, 2111
Let d(c) = c**3 - 9*c**2 + 3*c. What are the prime factors of d(10)?
2, 5, 13
Suppose 0 = 3*b - 5*i + 171, -b = -8*i + 3*i + 47. Let g(j) = 4*j**2 + 8*j - 4. Let h be g(-6). Let y = b + h. What are the prime factors of y?
2, 3, 5
Let l(a) = a**3 - 20*a**2 - 24*a + 63. Let s be l(21). Let o = -4 + 7. Suppose s = -o*r + 6*r - 42. What are the prime factors of r?
2, 7
Suppose -u + 138 = 2*u. Let t = 2 - -1. Suppose 3*i - t*p = -p + 28, -3*p = -5*i + u. What are the prime factors of i?
2
Let h(s) = 3*s - 3. Let r be h(5). Let j(d) = d**3 - 12*d**2 - 2*d - 6. Let c be j(r). List the prime factors of (0 - -6)*(-40)/c.
2
Suppose -2*k = m - 854, 0*m - 4*m + 4*k = -3476. Suppose -5*g - 458 = -2*z, 0*z = 4*z + 3*g - m. 